{"id":166,"date":"2024-10-03T11:31:57","date_gmt":"2024-10-03T14:31:57","guid":{"rendered":"https:\/\/hepro9.iar.unlp.edu.ar\/?page_id=166"},"modified":"2025-08-05T11:32:00","modified_gmt":"2025-08-05T14:32:00","slug":"program","status":"publish","type":"page","link":"https:\/\/hepro9.iar.unlp.edu.ar\/index.php\/program\/","title":{"rendered":"Program"},"content":{"rendered":"\n<div class=\"wp-block-group alignfull is-layout-constrained wp-block-group-is-layout-constrained\"><div class=\"wp-block-group__inner-container\">\n<div class=\"wp-block-cover alignwide\" style=\"margin-top:0;min-height:400px\"><span aria-hidden=\"true\" class=\"wp-block-cover__background has-black-background-color has-background-dim-0 has-background-dim\"><\/span><img decoding=\"async\" loading=\"lazy\" width=\"1000\" height=\"500\" class=\"wp-block-cover__image-background wp-image-324\" alt=\"\" src=\"https:\/\/hepro9.iar.unlp.edu.ar\/wp-content\/uploads\/2024\/10\/eht.png\" data-object-fit=\"cover\" srcset=\"https:\/\/hepro9.iar.unlp.edu.ar\/wp-content\/uploads\/2024\/10\/eht.png 1000w, https:\/\/hepro9.iar.unlp.edu.ar\/wp-content\/uploads\/2024\/10\/eht-300x150.png 300w, https:\/\/hepro9.iar.unlp.edu.ar\/wp-content\/uploads\/2024\/10\/eht-768x384.png 768w\" sizes=\"(max-width: 1000px) 100vw, 1000px\" \/><div class=\"wp-block-cover__inner-container is-layout-flow wp-block-cover-is-layout-flow\">\n<div style=\"height:50px\" aria-hidden=\"true\" class=\"wp-block-spacer\"><\/div>\n<\/div><\/div>\n<\/div><\/div>\n\n\n\n<h3 class=\"wp-block-heading has-text-align-center has-red-background-color has-background\" style=\"font-size:34px\"><strong><a href=\"http:\/\/hepro9.iar.unlp.edu.ar\/wp-content\/uploads\/2025\/08\/HEPRO-IX_-Program0508.pdf\" data-type=\"link\" data-id=\"http:\/\/hepro9.iar.unlp.edu.ar\/wp-content\/uploads\/2025\/07\/HEPRO-IX_-Program-1.pdf\">Program<\/a><\/strong><\/h3>\n\n\n\n<h3 class=\"wp-block-heading has-text-align-center has-red-background-color has-background\" style=\"font-size:34px\"><strong><a href=\"http:\/\/hepro9.iar.unlp.edu.ar\/wp-content\/uploads\/2025\/07\/Contributions_list_HEPROIX_2807.pdf\">Contribution list<\/a><\/strong><\/h3>\n\n\n\n<h3 class=\"wp-block-heading has-text-align-center has-red-background-color has-background\" style=\"font-size:34px\"><a href=\"http:\/\/hepro9.iar.unlp.edu.ar\/wp-content\/uploads\/2025\/07\/abstractsHEPROIX.pdf\"><strong>Abstract book<\/strong><\/a><\/h3>\n\n\n\n<h3 class=\"wp-block-heading has-text-align-center has-red-background-color has-background\" style=\"font-size:34px\"><a href=\"http:\/\/hepro9.iar.unlp.edu.ar\/wp-content\/uploads\/2025\/08\/guidelines0108.pdf\"><strong>Guidelines for presentations<\/strong><\/a><\/h3>\n\n\n\n<h2 class=\"wp-block-heading\">Invited speakers<\/h2>\n\n\n\n<p>Confirmed Invited Speakers Include:<\/p>\n\n\n\n<p><strong>Alexander Tchekhovskoy<\/strong> (Northwestern University): <em>Jet physics<\/em><\/p>\n\n\n\n<p><strong>Elisabetta Bissaldi<\/strong> (Polytechnic University of Bari): Overview of <em>GRBs<\/em><\/p>\n\n\n\n<p><strong>Ken Ohsuga<\/strong> (University of Tsukuba): <em>Radiation-driven outflows<\/em><\/p>\n\n\n\n<p><strong>Markus B\u00f6ttcher<\/strong> (North-West University): <em>X-ray polarization in jets<\/em><\/p>\n\n\n\n<p><strong>Felix Aharonian<\/strong> (Max-Planck-Institut f\u00fcr Kernphysik): TBD<\/p>\n\n\n\n<p><strong>Ga\u00ebtan Fichet de Clairfontaine<\/strong> (University of Valencia): <em>Theory of relativistic jets<\/em><\/p>\n\n\n\n<p><strong>Sara Buson<\/strong> (Universit\u00e4t W\u00fcrzburg): <em>Neutrinos in outflows<\/em><\/p>\n\n\n\n<p><strong>Silvia Celli<\/strong> (La Sapienza University of Rome): <em>Neutrinos from relativistic outflows: recent discoveries<\/em><\/p>\n\n\n\n<p><strong>Grzegorz Kowal<\/strong> (University of S\u00e3o Paulo): <em>Magnetic reconnection in outflows<\/em><\/p>\n\n\n\n<p><strong>Marc Rib\u00f3<\/strong> (University of Barcelona): Gamma-ray <em>binaries: recent observational results<\/em><\/p>\n\n\n\n<p><strong>Andrzej A. Zdziarski<\/strong> (Nicolaus Copernicus Astronomical Center): <em>Theory of microquasars jets<\/em><\/p>\n\n\n\n<p><strong>Enrico Peretti<\/strong> (Niels Bohr Institute): <em>Particle transport in jets<\/em><\/p>\n\n\n\n<p><strong>Florencia L. Vieyro<\/strong> (Instituto Argentino de Radioastronom\u00eda): Recent progress in FRB theory<\/p>\n\n\n\n<p><strong>Luca Comisso<\/strong> (Columbia University): <em>Plasma turbulence in relativistic outflows<\/em><\/p>\n\n\n\n<p><strong>Yannis Liodakis<\/strong> (FORTH): <em>Optical polarization in jets<\/em><\/p>\n\n\n\n<p><strong>Mar\u00eda Victoria del Valle<\/strong> (University of S\u00e3o Paulo): <em>Variable gamma-ray sources in the Galaxy<\/em><\/p>\n\n\n\n<p><strong>Lia Medeiros<\/strong> (University of Wisconsin, Milwaukee): <em>Origin of relativistic jets with application to M87<\/em><\/p>\n\n\n\n<div style=\"height:241px\" aria-hidden=\"true\" class=\"wp-block-spacer\"><\/div>\n\n\n\n<p class=\"has-text-align-right\" style=\"font-size:12px\">Image credit: EHT collaboration<\/p>\n","protected":false},"excerpt":{"rendered":"<p>Program Contribution list Abstract book Guidelines for presentations Invited speakers Confirmed Invited Speakers Include: Alexander Tchekhovskoy (Northwestern University): Jet physics Elisabetta Bissaldi (Polytechnic University of Bari): Overview of GRBs Ken Ohsuga (University of Tsukuba): Radiation-driven outflows Markus B\u00f6ttcher (North-West University): X-ray polarization in jets Felix Aharonian (Max-Planck-Institut f\u00fcr Kernphysik): TBD Ga\u00ebtan Fichet de Clairfontaine (University&hellip; <a class=\"more-link\" href=\"https:\/\/hepro9.iar.unlp.edu.ar\/index.php\/program\/\">Segu\u00ed leyendo <span class=\"screen-reader-text\">Program<\/span><\/a><\/p>\n","protected":false},"author":2,"featured_media":0,"parent":0,"menu_order":0,"comment_status":"closed","ping_status":"closed","template":"","meta":{"footnotes":""},"_links":{"self":[{"href":"https:\/\/hepro9.iar.unlp.edu.ar\/index.php\/wp-json\/wp\/v2\/pages\/166"}],"collection":[{"href":"https:\/\/hepro9.iar.unlp.edu.ar\/index.php\/wp-json\/wp\/v2\/pages"}],"about":[{"href":"https:\/\/hepro9.iar.unlp.edu.ar\/index.php\/wp-json\/wp\/v2\/types\/page"}],"author":[{"embeddable":true,"href":"https:\/\/hepro9.iar.unlp.edu.ar\/index.php\/wp-json\/wp\/v2\/users\/2"}],"replies":[{"embeddable":true,"href":"https:\/\/hepro9.iar.unlp.edu.ar\/index.php\/wp-json\/wp\/v2\/comments?post=166"}],"version-history":[{"count":52,"href":"https:\/\/hepro9.iar.unlp.edu.ar\/index.php\/wp-json\/wp\/v2\/pages\/166\/revisions"}],"predecessor-version":[{"id":773,"href":"https:\/\/hepro9.iar.unlp.edu.ar\/index.php\/wp-json\/wp\/v2\/pages\/166\/revisions\/773"}],"wp:attachment":[{"href":"https:\/\/hepro9.iar.unlp.edu.ar\/index.php\/wp-json\/wp\/v2\/media?parent=166"}],"curies":[{"name":"wp","href":"https:\/\/api.w.org\/{rel}","templated":true}]}}